 to base 10.
-42
What is -136 (base 10) in base 7?
-253
Convert 10220 (base 3) to base 2.
1101001
11 (base 15) to base 2
10000
Convert 45 (base 14) to base 6.
141
-320 (base 4) to base 13
-44
Convert 3 (base 10) to base 5.
3
What is 2 (base 7) in base 8?
2
What is 1111 (base 2) in base 6?
23
Convert 11 (base 14) to base 12.
13
Convert -15 (base 7) to base 5.
-22
What is 6 (base 16) in base 2?
110
What is -2 (base 8) in base 4?
-2
Convert -23 (base 7) to base 4.
-101
What is -cc (base 14) in base 16?
-b4
-12 (base 16) to base 9
-20
What is -10000000 (base 2) in base 13?
-9b
What is -2 (base 12) in base 15?
-2
-3 (base 5) to base 14
-3
Convert 16 (base 9) to base 7.
21
Convert 125 (base 9) to base 6.
252
-101 (base 2) to base 8
-5
What is -136 (base 7) in base 4?
-1030
7 (base 9) to base 2
111
Convert -8 (base 10) to base 8.
-10
What is 7 (base 16) in base 11?
7
Convert -2 (base 15) to base 8.
-2
1 (base 13) to base 6
1
Convert 3e (base 15) to base 13.
47
-2 (base 11) to base 7
-2
-1 (base 5) to base 8
-1
424 (base 9) to base 11
295
-4 (base 16) to base 12
-4
1101 (base 2) to base 13
10
Convert 41 (base 8) to base 2.
100001
Convert -1 (base 5) to base 2.
-1
-133 (base 5) to base 16
-2b
Convert 1 (base 10) to base 13.
1
What is -7a (base 11) in base 15?
-5c
Convert 233 (base 9) to base 16.
c0
0 (base 15) to base 3
0
Convert -46 (base 16) to base 7.
-130
-3 (base 10) to base 3
-10
What is -1000 (base 2) in base 9?
-8
1 (base 10) to base 7
1
What is 4 (base 6) in base 16?
4
Convert 231 (base 9) to base 2.
10111110
Convert 1 (base 6) to base 15.
1
What is 33 (base 5) in base 9?
20
What is 1 (base 3) in base 11?
1
What is -11 (base 2) in base 16?
-3
What is 34 (base 16) in base 9?
57
Convert 125 (base 6) to base 5.
203
18 (base 14) to base 6
34
What is 6 (base 11) in base 6?
10
-14 (base 7) to base 16
-b
-4 (base 16) to base 7
-4
101 (base 7) to base 3
1212
What is -2112 (base 3) in base 12?
-58
What is 1 (base 9) in base 8?
1
What is 0 (base 5) in base 8?
0
What is -14 (base 15) in base 13?
-16
Convert a7 (base 14) to base 3.
12110
3 (base 9) to base 10
3
What is 1 (base 3) in base 11?
1
What is -2 (base 4) in base 8?
-2
What is -2010 (base 3) in base 6?
-133
-2d (base 15) to base 16
-2b
Convert 1 (base 2) to base 5.
1
-200 (base 3) to base 13
-15
Convert 201 (base 4) to base 11.
30
-5 (base 6) to base 2
-101
What is -90 (base 10) in base 11?
-82
What is -2 (base 13) in base 3?
-2
What is -63 (base 8) in base 14?
-39
What is 37 (base 13) in base 9?
51
26 (base 14) to base 2
100010
Convert -11011 (base 2) to base 15.
-1c
What is -99 (base 13) in base 6?
-330
What is -d8 (base 16) in base 15?
-e6
-12 (base 3) to base 10
-5
Convert 3 (base 13) to base 16.
3
1 (base 5) to base 8
1
Convert -22 (base 14) to base 13.
-24
-11 (base 4) to base 2
-101
101 (base 12) to base 8
221
Convert 11 (base 2) to base 6.
3
0 (base 12) to base 9
0
What is 10 (base 10) in base 2?
1010
143 (base 6) to base 7
120
Convert -10 (base 3) to base 10.
-3
-11001 (base 2) to base 7
-34
What is -11 (base 2) in base 4?
-3
53 (base 6) to base 13
27
Convert 78 (base 9) to base 10.
71
What is 3 (base 14) in base 13?
3
Convert -a (base 12) to base 11.
-a
What is 12 (base 4) in base 9?
6
What is -10 (base 6) in base 12?
-6
Convert 5 (base 11) to base 13.
5
Convert 11 (base 7) to base 14.
8
Convert -21 (base 12) to base 9.
-27
43 (base 10) to base 13
34
What is 5 (base 6) in base 16?
5
What is -13 (base 8) in base 4?
-23
What is 24 (base 5) in base 7?
20
What is -212 (base 3) in base 12?
-1b
1200 (base 6) to base 2
100100000
What is 1 (base 4) in base 6?
1
What is 11 (base 2) in base 13?
3
Convert 1340 (base 5) to base 9.
264
What is -100 (base 5) in base 9?
-27
What is 16 (base 10) in base 3?
121
Convert 10101001 (base 2) to base 3.
20021
What is -26 (base 7) in base 13?
-17
Convert 2 (base 4) to base 5.
2
Convert -11 (base 2) to base 3.
-10
Convert 8 (base 11) to base 14.
8
-23 (base 7) to base 9
-18
-161 (base 8) to base 12
-95
257 (base 10) to base 13
16a
-100 (base 4) to base 5
-31
What is 107 (base 11) in base 9?
152
-1111 (base 2) to base 9
-16
What is 0 (base 6) in base 5?
0
What is 21 (base 5) in base 3?
102
What is 1 (base 6) in base 8?
1
What is -343 (base 9) in base 3?
-101110
246 (base 7) to base 12
b0
Convert 88 (base 9) to base 5.
310
What is 18 (base 13) in base 11?
1a
Convert 16 (base 9) to base 6.
23
What is 5 (base 15) in base 4?
11
Convert -2 (base 14) to base 16.
-2
What is 18 (base 9) in base 16?
11
What is 3 (base 4) in base 10?
3
What is -4 (base 7) in base 9?
-4
Convert -4 (base 15) to base 2.
-100
Convert 11 (base 3) to base 8.
4
-9 (base 11) to base 5
-14
What is -1c (base 13) in base 14?
-1b
What is -10 (base 3) in base 5?
-3
Convert -223 (base 4) to base 6.
-111
What is 1 (base 6) in base 4?
1
5 (base 10) to base 6
5
Convert -21 (base 14) to base 4.
-131
12 (base 9) to base 2
1011
-11 (base 4) to base 9
-5
Convert 3 (base 9) to base 10.
3
Convert -11 (base 15) to base 11.
-15
Convert -4 (base 7) to base 16.
-4
What is 0 (base 12) in base 6?
0
Convert -42 (base 10) to base 2.
-101010
4c (base 16) to base 5
301
-210 (base 5) to base 6
-131
Convert -74 (base 8) to base 2.
-111100
Convert -13 (base 12) to base 2.
-1111
What is 2 (base 16) in base 13?
2
What is -110 (base 3) in base 6?
-20
Convert 0 (base 6) to base 9.
0
What is -44 (base 7) in base 6?
-52
Convert -1111000 (base 2) to base 9.
-143
-3 (base 11) to base 2
-11
What is 3 (base 14) in base 6?
3
What is 124 (base 5) in base 2?
100111
2 (base 6) to base 14
2
What is -35 (base 8) in base 5?
-104
23 (base 7) to base 9
18
-5 (base 13) to base 3
-12
What is 12 (base 8) in base 15?
a
-161 (base 8) to base 13
-89
10 (base 4) to base 6
4
What is -212 (base 3) in base 15?
-18
Convert 1 (base 16) to base 7.
1
What is 0 (base 12) in base 2?
0
What is -1 (base 14) in base 8?
-1
Convert 21 (base 8) to base 10.
17
a (base 12) to base 9
11
Convert -5 (base 14) to base 12.
-5
What is 110 (base 5) in base 6?
50
What is 1a (base 11) in base 6?
33
-203 (base 10) to base 5
-1303
-1 (base 16) to base 10
-1
Convert 21 (base 4) to base 13.
9
-50 (base 10) to base 16
-32
-26 (base 14) to base 5
-114
What is -17 (base 15) in base 8?
-26
Convert -144 (base 6) to base 13.
-4c
-22 (base 3) to base 8
-10
What is 4 (base 11) in base 9?
4
18 (base 9) to base 2
10001
5 (base 16) to base 6
5
Convert -22 (base 6) to base 14.
-10
What is 8 (base 13) in base 15?
8
1 (base 15) to base 9
1
What is -243 (base 7) in base 4?
-2001
Convert 289 (base 11) to base 15.
179
-46 (base 14) to base 13
-4a
What is -240 (base 12) in base 11?
-286
What is 35 (base 7) in base 5?
101
What is -a (base 13) in base 2?
-1010
What is -14 (base 5) in base 13?
-9
-1 (base 4) to base 11
-1
-41 (base 5) to base 16
-15
-2 (base 16) to base 8
-2
17 (base 15) to base 14
18
1 (base 15) to base 8
1
What is -307 (base 10) in base 16?
-133
-d (base 15) to base 7
-16
1000010 (base 2) to base 7
123
-2 (base 8) to base 4
-2
-10 (base 3) to base 10
-3
Convert -1b3 (base 15) to base 9.
-476
What is 0 (base 10) in base 4?
0
1 (base 10) to base 15
1
What is -6 (base 12) in base 9?
-6
What is 131 (base 6) in base 3?
2001
-10 (base 6) to base 8
-6
What is 140 (base 6) in base 4?
330
Convert -2 (base 7) to base 3.
-2
Convert -1 (base 13) to base 12.
-1
Convert 11 (base 6) to base 4.
13
-12 (base 13) to base 15
-10
123 (base 5) to base 8
46
What is -34 (base 13) in base 8?
-53
0 (base 15) to base 6
0
What is 9 (base 15) in base 12?
9
-b5 (base 13) to base 5
-1043
What is 115 (base 10) in base 8?
163
-7d (base 14) to base 11
-a1
What is -10110 (base 2) in base 8?
-26
Convert -48 (base 12) to base 2.
-111000
Convert 44 (base 9) to base 4.
220
Convert 5 (base 8) to base 6.
5
Convert 1012 (base 5) to base 14.
96
Convert -11 (base 2) to base 3.
-10
What is 302 (base 4) in base 14?
38
Convert a (base 12) to base 2.
1010
-10 (base 11) to base 7
-14
What is -31 (base 6) in base 2?
-10011
What is 212 (base 3) in base 16?
17
Convert e (base 16) to base 11.
13
1a (base 15) to base 13
1c
What is 11 (base 2) in base 3?
10
-1 (base 2) to base 16
-1
What is 3 (base 15) in base 16?
3
Convert 42 (base 14) to base 8.
72
-6 (base 10) to base 3
-20
What is 1114 (base 5) in base 13?
c3
What is 3 (base 